{"id":2758,"date":"2015-09-18T09:48:28","date_gmt":"2015-09-18T09:48:28","guid":{"rendered":"https:\/\/motors.stylemixthemes.com\/?page_id=5"},"modified":"2024-12-20T14:07:55","modified_gmt":"2024-12-20T17:07:55","slug":"goldencar-veiculos","status":"publish","type":"page","link":"https:\/\/goldencarveiculos.com.br\/","title":{"rendered":"Home"},"content":{"rendered":"<p>[vc_row full_width=&#8221;stretch_row&#8221; css=&#8221;.vc_custom_1448545243300{margin-bottom: 0px !important;}&#8221; el_class=&#8221;stm-slider-nice-height&#8221;][vc_column][rev_slider_vc alias=&#8221;home_slider&#8221;][\/vc_column][\/vc_row][vc_row css=&#8221;.vc_custom_1512996050385{margin-bottom: 57px !important;}&#8221;][vc_column][stm_car_listing_tabbed tab_affix=&#8221;&#8221; search_icon=&#8221;stm-icon-car_search&#8221; filter_columns_number=&#8221;4&#8243; filter_selected=&#8221;condition,make,serie,ca-year&#8221; call_to_action_icon=&#8221;stm-icon-question&#8221; call_to_action_icon_right=&#8221;fab fa-whatsapp&#8221; call_to_action_color=&#8221;#c1350e&#8221; call_to_action_text_color=&#8221;#ffffff&#8221; enable_ajax_loading=&#8221;true&#8221; enable_search=&#8221;true&#8221; enable_call_to_action=&#8221;true&#8221; taxonomy=&#8221;seminovos | condition,&#8221; per_page=&#8221;8&#8243; search_label=&#8221;Pesquisar&#8221; call_to_action_label=&#8221;Precisa de ajuda? Fale conosco!&#8221; call_to_action_label_right=&#8221;(53) 3231-8888&#8243;]<\/p>\n<h2><span style=\"color: #ffffff;\">SEU NOVO VE\u00cdCULO<\/span> <span class=\"stm-base-color\">EST\u00c1 AQUI!<\/span><\/h2>\n<p>[\/stm_car_listing_tabbed][\/vc_column][\/vc_row][vc_row stm_fullwidth=&#8221;yes&#8221; blackout_opacity=&#8221;40&#8243; css=&#8221;.vc_custom_1637082576203{margin-bottom: 0px !important;padding-top: 83px !important;padding-bottom: 79px !important;background-image: url(https:\/\/goldencarveiculos.com.br\/wp-content\/uploads\/2021\/11\/9f1d646d-9773-4af5-874a-cd3514ebe5aa.jpg?id=2887) !important;}&#8221;][vc_column el_class=&#8221;stm-icon-box-adaptive-style-one&#8221; offset=&#8221;vc_col-lg-6 vc_col-md-8&#8243;][vc_empty_space height=&#8221;120px&#8221;][\/vc_column][vc_column width=&#8221;1\/2&#8243;][\/vc_column][\/vc_row][vc_row full_width=&#8221;stretch_row&#8221; css=&#8221;.vc_custom_1558678101924{margin-bottom: 0px !important;padding-top: 62px !important;padding-bottom: 40px !important;background-image: url(https:\/\/motors.stylemixthemes.com\/wp-content\/uploads\/2015\/09\/special_bg.png?id=261) !important;background-position: 0 0 !important;background-repeat: repeat !important;}&#8221;][vc_column][stm_special_offers show_all_link_specials=&#8221;true&#8221; colored_first_word=&#8221;true&#8221; title=&#8221;DESTAQUE&#8221;][\/vc_column][\/vc_row][vc_row stm_fullwidth=&#8221;yes&#8221; blackout_opacity=&#8221;20&#8243; css=&#8221;.vc_custom_1637083313191{margin-bottom: 0px !important;padding-top: 137px !important;padding-bottom: 113px !important;background-image: url(https:\/\/goldencarveiculos.com.br\/wp-content\/uploads\/2021\/11\/IMG_2682-scaled.jpg?id=3110) !important;}&#8221; el_class=&#8221;stm-icon-box-adaptive-style-one&#8221;][vc_column width=&#8221;1\/3&#8243; offset=&#8221;vc_col-lg-3&#8243;][\/vc_column][vc_column width=&#8221;1\/3&#8243; offset=&#8221;vc_col-lg-6&#8243; css=&#8221;.vc_custom_1637777131581{margin-bottom: 30px !important;}&#8221;][stm_icon_box icon=&#8221;stm-icon-car_search&#8221; icon_size=&#8221;54&#8243; box_bg_color=&#8221;#c1350e&#8221; box_text_color=&#8221;#232628&#8243; line_height=&#8221;17&#8243; icon_color=&#8221;#232628&#8243;]<span style=\"color: #ffffff;\">Desde 1982 a Goldencar Ve\u00edculos est\u00e1 presente na cidade de Rio Grande\/RS oferecendo aos consumidores do munic\u00edpio e regi\u00e3o autom\u00f3veis novos e seminovos de importantes marcas do mercado. Com a experi\u00eancia adquirida ao longo destes anos, a Goldencar proporciona aos seus clientes um neg\u00f3cio confi\u00e1vel atrav\u00e9s de um atendimento qualificado e ve\u00edculos de excelente qualidade.<\/span>[\/stm_icon_box][\/vc_column][vc_column width=&#8221;1\/3&#8243; offset=&#8221;vc_col-lg-3&#8243;][\/vc_column][\/vc_row]<\/p>\n","protected":false},"excerpt":{"rendered":"<p>[vc_row full_width=&#8221;stretch_row&#8221; css=&#8221;.vc_custom_1448545243300{margin-bottom: 0px !important;}&#8221; el_class=&#8221;stm-slider-nice-height&#8221;][vc_column][rev_slider_vc alias=&#8221;home_slider&#8221;][\/vc_column][\/vc_row][vc_row css=&#8221;.vc_custom_1512996050385{margin-bottom: 57px !important;}&#8221;][vc_column][stm_car_listing_tabbed tab_affix=&#8221;&#8221; search_icon=&#8221;stm-icon-car_search&#8221; filter_columns_number=&#8221;4&#8243; filter_selected=&#8221;condition,make,serie,ca-year&#8221; call_to_action_icon=&#8221;stm-icon-question&#8221; call_to_action_icon_right=&#8221;fab fa-whatsapp&#8221; call_to_action_color=&#8221;#c1350e&#8221; call_to_action_text_color=&#8221;#ffffff&#8221; enable_ajax_loading=&#8221;true&#8221; enable_search=&#8221;true&#8221; enable_call_to_action=&#8221;true&#8221; taxonomy=&#8221;seminovos | condition,&#8221; per_page=&#8221;8&#8243; search_label=&#8221;Pesquisar&#8221; call_to_action_label=&#8221;Precisa de ajuda? Fale conosco!&#8221; call_to_action_label_right=&#8221;(53) 3231-8888&#8243;] SEU NOVO VE\u00cdCULO EST\u00c1 AQUI! [\/stm_car_listing_tabbed][\/vc_column][\/vc_row][vc_row stm_fullwidth=&#8221;yes&#8221; blackout_opacity=&#8221;40&#8243; css=&#8221;.vc_custom_1637082576203{margin-bottom: 0px !important;padding-top: 83px !important;padding-bottom: 79px !important;background-image: url(https:\/\/goldencarveiculos.com.br\/wp-content\/uploads\/2021\/11\/9f1d646d-9773-4af5-874a-cd3514ebe5aa.jpg?id=2887) !important;}&#8221;][vc_column el_class=&#8221;stm-icon-box-adaptive-style-one&#8221; offset=&#8221;vc_col-lg-6 vc_col-md-8&#8243;][vc_empty_space height=&#8221;120px&#8221;][\/vc_column][vc_column&#8230;<\/p>\n","protected":false},"author":1,"featured_media":0,"parent":0,"menu_order":0,"comment_status":"closed","ping_status":"closed","template":"","meta":[],"yoast_head":"<!-- This site is optimized with the Yoast SEO plugin v21.8 - https:\/\/yoast.com\/wordpress\/plugins\/seo\/ -->\n<title>GOLDENCAR VE\u00cdCULOS<\/title>\n<meta name=\"description\" content=\"Revenda multimarcas localizada em Rio Grande\/RS\" \/>\n<meta name=\"robots\" content=\"index, follow, max-snippet:-1, max-image-preview:large, max-video-preview:-1\" \/>\n<link rel=\"canonical\" href=\"https:\/\/goldencarveiculos.com.br\/\" \/>\n<meta property=\"og:locale\" content=\"pt_BR\" \/>\n<meta property=\"og:type\" content=\"article\" \/>\n<meta property=\"og:title\" content=\"GOLDENCAR VE\u00cdCULOS\" \/>\n<meta property=\"og:description\" content=\"Revenda multimarcas localizada em Rio Grande\/RS\" \/>\n<meta property=\"og:url\" content=\"https:\/\/goldencarveiculos.com.br\/\" \/>\n<meta property=\"og:site_name\" content=\"GOLDENCAR VE\u00cdCULOS\" \/>\n<meta property=\"article:modified_time\" content=\"2024-12-20T17:07:55+00:00\" \/>\n<meta name=\"twitter:card\" content=\"summary_large_image\" \/>\n<meta name=\"twitter:label1\" content=\"Est. tempo de leitura\" \/>\n\t<meta name=\"twitter:data1\" content=\"1 minuto\" \/>\n<script type=\"application\/ld+json\" class=\"yoast-schema-graph\">{\"@context\":\"https:\/\/schema.org\",\"@graph\":[{\"@type\":\"WebPage\",\"@id\":\"https:\/\/goldencarveiculos.com.br\/\",\"url\":\"https:\/\/goldencarveiculos.com.br\/\",\"name\":\"GOLDENCAR VE\u00cdCULOS\",\"isPartOf\":{\"@id\":\"https:\/\/goldencarveiculos.com.br\/#website\"},\"datePublished\":\"2015-09-18T09:48:28+00:00\",\"dateModified\":\"2024-12-20T17:07:55+00:00\",\"description\":\"Revenda multimarcas localizada em Rio Grande\/RS\",\"breadcrumb\":{\"@id\":\"https:\/\/goldencarveiculos.com.br\/#breadcrumb\"},\"inLanguage\":\"pt-BR\",\"potentialAction\":[{\"@type\":\"ReadAction\",\"target\":[\"https:\/\/goldencarveiculos.com.br\/\"]}]},{\"@type\":\"BreadcrumbList\",\"@id\":\"https:\/\/goldencarveiculos.com.br\/#breadcrumb\",\"itemListElement\":[{\"@type\":\"ListItem\",\"position\":1,\"name\":\"In\u00edcio\",\"item\":\"https:\/\/goldencarveiculos.com.br\/\"},{\"@type\":\"ListItem\",\"position\":2,\"name\":\"Home\"}]},{\"@type\":\"WebSite\",\"@id\":\"https:\/\/goldencarveiculos.com.br\/#website\",\"url\":\"https:\/\/goldencarveiculos.com.br\/\",\"name\":\"GOLDENCAR VE\u00cdCULOS\",\"description\":\"SEU NOVO VE\u00cdCULO EST\u00c1 AQUI!\",\"potentialAction\":[{\"@type\":\"SearchAction\",\"target\":{\"@type\":\"EntryPoint\",\"urlTemplate\":\"https:\/\/goldencarveiculos.com.br\/?s={search_term_string}\"},\"query-input\":\"required name=search_term_string\"}],\"inLanguage\":\"pt-BR\"}]}<\/script>\n<!-- \/ Yoast SEO plugin. -->","yoast_head_json":{"title":"GOLDENCAR VE\u00cdCULOS","description":"Revenda multimarcas localizada em Rio Grande\/RS","robots":{"index":"index","follow":"follow","max-snippet":"max-snippet:-1","max-image-preview":"max-image-preview:large","max-video-preview":"max-video-preview:-1"},"canonical":"https:\/\/goldencarveiculos.com.br\/","og_locale":"pt_BR","og_type":"article","og_title":"GOLDENCAR VE\u00cdCULOS","og_description":"Revenda multimarcas localizada em Rio Grande\/RS","og_url":"https:\/\/goldencarveiculos.com.br\/","og_site_name":"GOLDENCAR VE\u00cdCULOS","article_modified_time":"2024-12-20T17:07:55+00:00","twitter_card":"summary_large_image","twitter_misc":{"Est. tempo de leitura":"1 minuto"},"schema":{"@context":"https:\/\/schema.org","@graph":[{"@type":"WebPage","@id":"https:\/\/goldencarveiculos.com.br\/","url":"https:\/\/goldencarveiculos.com.br\/","name":"GOLDENCAR VE\u00cdCULOS","isPartOf":{"@id":"https:\/\/goldencarveiculos.com.br\/#website"},"datePublished":"2015-09-18T09:48:28+00:00","dateModified":"2024-12-20T17:07:55+00:00","description":"Revenda multimarcas localizada em Rio Grande\/RS","breadcrumb":{"@id":"https:\/\/goldencarveiculos.com.br\/#breadcrumb"},"inLanguage":"pt-BR","potentialAction":[{"@type":"ReadAction","target":["https:\/\/goldencarveiculos.com.br\/"]}]},{"@type":"BreadcrumbList","@id":"https:\/\/goldencarveiculos.com.br\/#breadcrumb","itemListElement":[{"@type":"ListItem","position":1,"name":"In\u00edcio","item":"https:\/\/goldencarveiculos.com.br\/"},{"@type":"ListItem","position":2,"name":"Home"}]},{"@type":"WebSite","@id":"https:\/\/goldencarveiculos.com.br\/#website","url":"https:\/\/goldencarveiculos.com.br\/","name":"GOLDENCAR VE\u00cdCULOS","description":"SEU NOVO VE\u00cdCULO EST\u00c1 AQUI!","potentialAction":[{"@type":"SearchAction","target":{"@type":"EntryPoint","urlTemplate":"https:\/\/goldencarveiculos.com.br\/?s={search_term_string}"},"query-input":"required name=search_term_string"}],"inLanguage":"pt-BR"}]}},"_links":{"self":[{"href":"https:\/\/goldencarveiculos.com.br\/index.php\/wp-json\/wp\/v2\/pages\/2758"}],"collection":[{"href":"https:\/\/goldencarveiculos.com.br\/index.php\/wp-json\/wp\/v2\/pages"}],"about":[{"href":"https:\/\/goldencarveiculos.com.br\/index.php\/wp-json\/wp\/v2\/types\/page"}],"author":[{"embeddable":true,"href":"https:\/\/goldencarveiculos.com.br\/index.php\/wp-json\/wp\/v2\/users\/1"}],"replies":[{"embeddable":true,"href":"https:\/\/goldencarveiculos.com.br\/index.php\/wp-json\/wp\/v2\/comments?post=2758"}],"version-history":[{"count":39,"href":"https:\/\/goldencarveiculos.com.br\/index.php\/wp-json\/wp\/v2\/pages\/2758\/revisions"}],"predecessor-version":[{"id":6138,"href":"https:\/\/goldencarveiculos.com.br\/index.php\/wp-json\/wp\/v2\/pages\/2758\/revisions\/6138"}],"wp:attachment":[{"href":"https:\/\/goldencarveiculos.com.br\/index.php\/wp-json\/wp\/v2\/media?parent=2758"}],"curies":[{"name":"wp","href":"https:\/\/api.w.org\/{rel}","templated":true}]}}